10-24 11:21:45.116 I/ActivityManager(1533): START u0 {act=android.intent.action.MAIN cat=[android.intent.category.LAUNCHER] flg=0x10200000 cmp=com.kuaq.monsterui/.MainActivityNew (has extras)} from pid 2042
10-24 11:21:45.254 I/BufferQueue(1466): [Starting com.kuaq.monsterui](this:0x43b53c28,api:0) setConsumerName: Starting com.kuaq.monsterui
10-24 11:21:45.275 I/BufferQueue(1466): [Starting com.kuaq.monsterui](this:0x43b53c28,api:0) setDefaultBufferSize: w=800, h=1216
10-24 11:21:45.294 I/BufferQueue(1466): [Starting com.kuaq.monsterui](this:0x43b53c28,api:0) connect: api=2
10-24 11:21:45.294 I/BufferQueue(1466): [Starting com.kuaq.monsterui](this:0x43b53c28,api:2) setSynchronousMode: enabled=1
10-24 11:21:45.294 I/BufferQueue(1466): [Starting com.kuaq.monsterui](this:0x43b53c28,api:2) new GraphicBuffer needed
10-24 11:21:45.326 I/SurfaceTexture(1466): [Starting com.kuaq.monsterui](this:0x43b3e720,api:2) [void* android::SurfaceTexture::createImage(EGLDisplay, const android::sp&)]
10-24 11:21:45.341 I/ActivityManager(1533): Start proc com.kuaq.monsterui for activity com.kuaq.monsterui/.MainActivityNew: pid=6526 uid=10096 gids={50096, 3003, 1015, 1028}
10-24 11:21:45.391 V/ActivityManager(1533): Binding process pid 6526 to record ProcessRecord{42d60f20 6526:com.kuaq.monsterui/u0a10096}
10-24 11:21:45.392 V/ActivityManager(1533): New app record ProcessRecord{42d60f20 6526:com.kuaq.monsterui/u0a10096} thread=android.os.BinderProxy@42ca40f0 pid=6526
10-24 11:21:45.394 V/ActivityManager(1533): ACT-Launching: ActivityRecord{425cf958 u0 com.kuaq.monsterui/.MainActivityNew}
10-24 11:21:45.434 D/dalvikvm(6526): open_cached_dex_file : /data/app/com.kuaq.monsterui-1.apk /data/dalvik-cache/data@app@com.kuaq.monsterui-1.apk@classes.dex
10-24 11:21:45.597 W/XPrivacy(6526): Hooking package=com.kuaq.monsterui
10-24 11:21:46.284 I/BufferQueue(1466): [com.kuaq.monsterui/com.kuaq.monsterui.MainActivityNew](this:0x43b5ae60,api:0) setConsumerName: com.kuaq.monsterui/com.kuaq.monsterui.MainActivityNew
10-24 11:21:46.284 V/WindowManager(1533): Changing focus from null to Window{4268a2f8 u0 com.kuaq.monsterui/com.kuaq.monsterui.MainActivityNew}
10-24 11:21:46.290 I/BufferQueue(1466): [com.kuaq.monsterui/com.kuaq.monsterui.MainActivityNew](this:0x43b5ae60,api:0) setDefaultBufferSize: w=800, h=1216
10-24 11:21:46.292 I/WindowManager(1533): Gaining focus: Window{4268a2f8 u0 com.kuaq.monsterui/com.kuaq.monsterui.MainActivityNew}
10-24 11:21:46.317 I/BufferQueue(1466): [com.kuaq.monsterui/com.kuaq.monsterui.MainActivityNew](this:0x43b5ae60,api:0) connect: api=1
10-24 11:21:46.317 I/BufferQueue(1466): [com.kuaq.monsterui/com.kuaq.monsterui.MainActivityNew](this:0x43b5ae60,api:1) setSynchronousMode: enabled=1
10-24 11:21:46.317 I/BufferQueue(1466): [com.kuaq.monsterui/com.kuaq.monsterui.MainActivityNew](this:0x43b5ae60,api:1) setSynchronousMode: enabled=1
10-24 11:21:46.319 I/BufferQueue(1466): [com.kuaq.monsterui/com.kuaq.monsterui.MainActivityNew](this:0x43b5ae60,api:1) new GraphicBuffer needed
10-24 11:21:46.355 I/BufferQueue(1466): [com.kuaq.monsterui/com.kuaq.monsterui.MainActivityNew](this:0x43b5ae60,api:1) new GraphicBuffer needed
10-24 11:21:46.361 I/SurfaceTexture(1466): [com.kuaq.monsterui/com.kuaq.monsterui.MainActivityNew](this:0x43b53258,api:1) [void* android::SurfaceTexture::createImage(EGLDisplay, const android::sp&)]
10-24 11:21:46.377 I/ActivityManager(1533): [AppLaunch] Displayed Displayed com.kuaq.monsterui/.MainActivityNew: +1s83ms
10-24 11:21:46.377 D/ActivityManager(1533): AP_PROF:AppLaunch_LaunchTime:com.kuaq.monsterui/.MainActivityNew:1083:2127127
10-24 11:21:46.386 I/BufferQueue(1466): [com.kuaq.monsterui/com.kuaq.monsterui.MainActivityNew](this:0x43b5ae60,api:1) new GraphicBuffer needed
10-24 11:21:46.392 I/SurfaceTexture(1466): [com.kuaq.monsterui/com.kuaq.monsterui.MainActivityNew](this:0x43b53258,api:1) [void* android::SurfaceTexture::createImage(EGLDisplay, const android::sp&)]
10-24 11:21:46.398 V/ActivityManager(1533): Activity idle: Token{428a0180 ActivityRecord{425cf958 u0 com.kuaq.monsterui/.MainActivityNew}}
10-24 11:21:46.580 I/BufferQueue(1466): [Starting com.kuaq.monsterui](this:0x43b53c28,api:2) disconnect: api=2
10-24 11:21:46.580 I/SurfaceTexture(1466): [Starting com.kuaq.monsterui] [virtual android::status_t android::SurfaceTexture::forceAuxConversionLocked()] mCurrentTexture:0, mCurrentBuf:0x43b410d8
10-24 11:21:46.580 I/BufferQueue(1466): [Starting com.kuaq.monsterui](this:0x43b53c28,api:0) getReleasedBuffers: returning mask 0xffffffff
10-24 11:21:46.580 I/SurfaceTexture(1466): [Starting com.kuaq.monsterui](this:0x43b3e720,api:0) destroying EGLImage dpy=0x1 img=0x43b5bc68
10-24 11:21:46.595 I/BufferQueue(1466): [Starting com.kuaq.monsterui](this:0x43b53c28,api:0) consumerDisconnect
10-24 11:21:46.595 I/BufferQueue(1466): [Starting com.kuaq.monsterui](this:0x43b53c28,api:0) ~BufferQueue
10-24 11:21:47.427 I/BufferQueue(1466): [com.kuaq.monsterui/com.kuaq.monsterui.MainActivityNew](this:0x43b5ae60,api:1) [queue] fps:1.87, dur:1072.19, max:1041.13, min:31.06
10-24 11:21:47.427 I/BufferQueue(1466): [com.kuaq.monsterui/com.kuaq.monsterui.MainActivityNew](this:0x43b5ae60,api:1) new GraphicBuffer needed
10-24 11:21:47.441 I/SurfaceTexture(1466): [com.kuaq.monsterui/com.kuaq.monsterui.MainActivityNew](this:0x43b53258,api:1) [void* android::SurfaceTexture::createImage(EGLDisplay, const android::sp&)]
10-24 11:21:47.441 I/BufferQueue(1466): [com.kuaq.monsterui/com.kuaq.monsterui.MainActivityNew](this:0x43b5ae60,api:1) [release] fps:0.95, dur:1049.06, max:1049.06, min:1049.06
10-24 11:21:47.458 I/SurfaceTexture(1466): [com.kuaq.monsterui/com.kuaq.monsterui.MainActivityNew](this:0x43b53258,api:1) [void* android::SurfaceTexture::createImage(EGLDisplay, const android::sp&)]
10-24 11:21:47.876 I/ActivityManager(1533): START u0 {cmp=com.kuaq.monsterui/.Support} from pid 6526
10-24 11:21:47.908 V/ActivityManager(1533): ACT-Launching: ActivityRecord{421b1c30 u0 com.kuaq.monsterui/.Support}
10-24 11:21:47.911 V/WindowManager(1533): Changing focus from Window{4268a2f8 u0 com.kuaq.monsterui/com.kuaq.monsterui.MainActivityNew} to null
10-24 11:21:47.911 I/WindowManager(1533): Losing focus: Window{4268a2f8 u0 com.kuaq.monsterui/com.kuaq.monsterui.MainActivityNew}
10-24 11:21:48.057 I/dalvikvm(6526): Could not find method android.preference.CheckBoxPreference., referenced from method com.kuaq.monsterui.SwitchPreferenceCompat.
10-24 11:21:48.601 D/dalvikvm(6526): open_cached_dex_file : /data/data/com.kuaq.monsterui/cache/ads-679467967.jar /data/data/com.kuaq.monsterui/cache/ads-679467967.dex
10-24 11:21:48.761 D/dalvikvm(6526): DEX prep '/data/data/com.kuaq.monsterui/cache/ads-679467967.jar': unzip in 0ms, rewrite 158ms
10-24 11:21:48.993 I/BufferQueue(1466): [com.kuaq.monsterui/com.kuaq.monsterui.Support](this:0x43b3f1c0,api:0) setConsumerName: com.kuaq.monsterui/com.kuaq.monsterui.Support
10-24 11:21:48.994 V/WindowManager(1533): Changing focus from null to Window{428c0398 u0 com.kuaq.monsterui/com.kuaq.monsterui.Support}
10-24 11:21:48.998 I/BufferQueue(1466): [com.kuaq.monsterui/com.kuaq.monsterui.Support](this:0x43b3f1c0,api:0) setDefaultBufferSize: w=800, h=1216
10-24 11:21:49.001 I/WindowManager(1533): Gaining focus: Window{428c0398 u0 com.kuaq.monsterui/com.kuaq.monsterui.Support}
10-24 11:21:49.003 I/BufferQueue(1466): [com.kuaq.monsterui/com.kuaq.monsterui.Support](this:0x43b3f1c0,api:0) connect: api=1
10-24 11:21:49.003 I/BufferQueue(1466): [com.kuaq.monsterui/com.kuaq.monsterui.Support](this:0x43b3f1c0,api:1) setSynchronousMode: enabled=1
10-24 11:21:49.003 I/BufferQueue(1466): [com.kuaq.monsterui/com.kuaq.monsterui.Support](this:0x43b3f1c0,api:1) setSynchronousMode: enabled=1
10-24 11:21:49.008 I/BufferQueue(1466): [com.kuaq.monsterui/com.kuaq.monsterui.Support](this:0x43b3f1c0,api:1) new GraphicBuffer needed
10-24 11:21:49.172 I/BufferQueue(1466): [com.kuaq.monsterui/com.kuaq.monsterui.Support](this:0x43b3f1c0,api:1) new GraphicBuffer needed
10-24 11:21:49.189 I/SurfaceTexture(1466): [com.kuaq.monsterui/com.kuaq.monsterui.Support](this:0x43b3e720,api:1) [void* android::SurfaceTexture::createImage(EGLDisplay, const android::sp&)]
10-24 11:21:49.207 I/ActivityManager(1533): [AppLaunch] Displayed Displayed com.kuaq.monsterui/.Support: +1s299ms
10-24 11:21:49.207 D/ActivityManager(1533): AP_PROF:AppLaunch_LaunchTime:com.kuaq.monsterui/.Support:1299:2129957
10-24 11:21:49.260 D/BufferQueue(1466): [com.kuaq.monsterui/com.kuaq.monsterui.MainActivityNew](this:0x43b5ae60,api:1) cancelBuffer: slot=1
10-24 11:21:49.263 I/BufferQueue(1466): [com.kuaq.monsterui/com.kuaq.monsterui.MainActivityNew](this:0x43b5ae60,api:1) disconnect: api=1
10-24 11:21:49.263 I/SurfaceTexture(1466): [com.kuaq.monsterui/com.kuaq.monsterui.MainActivityNew] [virtual android::status_t android::SurfaceTexture::forceAuxConversionLocked()] mCurrentTexture:0, mCurrentBuf:0x43b40ff8
10-24 11:21:49.263 I/BufferQueue(1466): [com.kuaq.monsterui/com.kuaq.monsterui.MainActivityNew](this:0x43b5ae60,api:0) getReleasedBuffers: returning mask 0xffffffff
10-24 11:21:49.263 I/SurfaceTexture(1466): [com.kuaq.monsterui/com.kuaq.monsterui.MainActivityNew](this:0x43b53258,api:0) destroying EGLImage dpy=0x1 img=0x43b5c410
10-24 11:21:49.263 I/SurfaceTexture(1466): [com.kuaq.monsterui/com.kuaq.monsterui.MainActivityNew](this:0x43b53258,api:0) destroying EGLImage dpy=0x1 img=0x43b519b0
10-24 11:21:49.263 I/SurfaceTexture(1466): [com.kuaq.monsterui/com.kuaq.monsterui.MainActivityNew](this:0x43b53258,api:0) destroying EGLImage dpy=0x1 img=0x432fb378
10-24 11:21:49.263 I/SurfaceTexture(1466): [com.kuaq.monsterui/com.kuaq.monsterui.MainActivityNew](this:0x43b53258,api:0) destroying EGLImage dpy=0x1 img=0x4204ed88
10-24 11:21:49.274 V/ActivityManager(1533): Activity idle: Token{42615108 ActivityRecord{421b1c30 u0 com.kuaq.monsterui/.Support}}
10-24 11:21:49.275 V/ActivityManager(1533): Stopping ActivityRecord{425cf958 u0 com.kuaq.monsterui/.MainActivityNew}: nowVisible=false waitingVisible=true finishing=false
10-24 11:21:49.456 D/ActivityManager(1533): ACT-IDLE_NOW_MSG from windowsVisible() for idle: ActivityRecord{421b1c30 u0 com.kuaq.monsterui/.Support}
10-24 11:21:49.456 V/ActivityManager(1533): Stopping ActivityRecord{425cf958 u0 com.kuaq.monsterui/.MainActivityNew}: nowVisible=true waitingVisible=false finishing=false
10-24 11:21:49.456 V/ActivityManager(1533): Ready to stop: ActivityRecord{425cf958 u0 com.kuaq.monsterui/.MainActivityNew}
10-24 11:21:49.477 V/ActivityManager(1533): Activity stopped: token=Token{428a0180 ActivityRecord{425cf958 u0 com.kuaq.monsterui/.MainActivityNew}}
10-24 11:21:49.573 I/BufferQueue(1466): [com.kuaq.monsterui/com.kuaq.monsterui.MainActivityNew](this:0x43b5ae60,api:0) consumerDisconnect
10-24 11:21:49.573 I/BufferQueue(1466): [com.kuaq.monsterui/com.kuaq.monsterui.MainActivityNew](this:0x43b5ae60,api:0) ~BufferQueue
10-24 11:21:49.581 I/BufferQueue(1466): [com.kuaq.monsterui/com.kuaq.monsterui.Support](this:0x43b3f1c0,api:1) new GraphicBuffer needed
10-24 11:21:49.590 I/SurfaceTexture(1466): [com.kuaq.monsterui/com.kuaq.monsterui.Support](this:0x43b3e720,api:1) [void* android::SurfaceTexture::createImage(EGLDisplay, const android::sp&)]
10-24 11:21:50.865 I/BufferQueue(1466): [com.kuaq.monsterui/com.kuaq.monsterui.Support](this:0x43b3f1c0,api:1) [queue] fps:1.18, dur:1692.81, max:1284.50, min:408.30
10-24 11:21:50.865 I/BufferQueue(1466): [com.kuaq.monsterui/com.kuaq.monsterui.Support](this:0x43b3f1c0,api:1) new GraphicBuffer needed
10-24 11:21:50.876 I/SurfaceTexture(1466): [com.kuaq.monsterui/com.kuaq.monsterui.Support](this:0x43b3e720,api:1) [void* android::SurfaceTexture::createImage(EGLDisplay, const android::sp&)]
10-24 11:21:50.876 I/BufferQueue(1466): [com.kuaq.monsterui/com.kuaq.monsterui.Support](this:0x43b3f1c0,api:1) [release] fps:0.78, dur:1286.00, max:1286.00, min:1286.00
10-24 11:21:53.184 I/BufferQueue(1466): [com.kuaq.monsterui/com.kuaq.monsterui.MainActivityNew](this:0x43b53c28,api:0) setConsumerName: com.kuaq.monsterui/com.kuaq.monsterui.MainActivityNew
10-24 11:21:53.185 V/WindowManager(1533): Changing focus from Window{428c0398 u0 com.kuaq.monsterui/com.kuaq.monsterui.Support} to Window{4268a2f8 u0 com.kuaq.monsterui/com.kuaq.monsterui.MainActivityNew}
10-24 11:21:53.197 I/WindowManager(1533): Gaining focus: Window{4268a2f8 u0 com.kuaq.monsterui/com.kuaq.monsterui.MainActivityNew}
10-24 11:21:53.200 I/BufferQueue(1466): [com.kuaq.monsterui/com.kuaq.monsterui.MainActivityNew](this:0x43b53c28,api:0) connect: api=1
10-24 11:21:53.200 I/BufferQueue(1466): [com.kuaq.monsterui/com.kuaq.monsterui.MainActivityNew](this:0x43b53c28,api:1) setSynchronousMode: enabled=1
10-24 11:21:53.201 I/BufferQueue(1466): [com.kuaq.monsterui/com.kuaq.monsterui.MainActivityNew](this:0x43b53c28,api:1) setSynchronousMode: enabled=1
10-24 11:21:53.204 I/BufferQueue(1466): [com.kuaq.monsterui/com.kuaq.monsterui.MainActivityNew](this:0x43b53c28,api:1) new GraphicBuffer needed
10-24 11:21:53.223 I/BufferQueue(1466): [com.kuaq.monsterui/com.kuaq.monsterui.MainActivityNew](this:0x43b53c28,api:1) new GraphicBuffer needed
10-24 11:21:53.231 I/SurfaceTexture(1466): [com.kuaq.monsterui/com.kuaq.monsterui.MainActivityNew](this:0x43b53258,api:1) [void* android::SurfaceTexture::createImage(EGLDisplay, const android::sp&)]
10-24 11:21:53.280 D/BufferQueue(1466): [com.kuaq.monsterui/com.kuaq.monsterui.Support](this:0x43b3f1c0,api:1) cancelBuffer: slot=3
10-24 11:21:53.282 I/BufferQueue(1466): [com.kuaq.monsterui/com.kuaq.monsterui.Support](this:0x43b3f1c0,api:1) disconnect: api=1
10-24 11:21:53.282 I/SurfaceTexture(1466): [com.kuaq.monsterui/com.kuaq.monsterui.Support] [virtual android::status_t android::SurfaceTexture::forceAuxConversionLocked()] mCurrentTexture:2, mCurrentBuf:0x43b5c1c8
10-24 11:21:53.282 I/BufferQueue(1466): [com.kuaq.monsterui/com.kuaq.monsterui.Support](this:0x43b3f1c0,api:0) getReleasedBuffers: returning mask 0xffffffff
10-24 11:21:53.282 I/SurfaceTexture(1466): [com.kuaq.monsterui/com.kuaq.monsterui.Support](this:0x43b3e720,api:0) destroying EGLImage dpy=0x1 img=0x43b52610
10-24 11:21:53.282 I/SurfaceTexture(1466): [com.kuaq.monsterui/com.kuaq.monsterui.Support](this:0x43b3e720,api:0) destroying EGLImage dpy=0x1 img=0x43b57320
10-24 11:21:53.282 I/SurfaceTexture(1466): [com.kuaq.monsterui/com.kuaq.monsterui.Support](this:0x43b3e720,api:0) destroying EGLImage dpy=0x1 img=0x432fb378
10-24 11:21:53.289 V/ActivityManager(1533): Activity idle: Token{428a0180 ActivityRecord{425cf958 u0 com.kuaq.monsterui/.MainActivityNew}}
10-24 11:21:53.290 V/ActivityManager(1533): Stopping ActivityRecord{421b1c30 u0 com.kuaq.monsterui/.Support}: nowVisible=false waitingVisible=true finishing=true
10-24 11:21:53.501 D/ActivityManager(1533): ACT-IDLE_NOW_MSG from windowsVisible() for idle: ActivityRecord{425cf958 u0 com.kuaq.monsterui/.MainActivityNew}
10-24 11:21:53.502 V/ActivityManager(1533): Stopping ActivityRecord{421b1c30 u0 com.kuaq.monsterui/.Support}: nowVisible=true waitingVisible=false finishing=true
10-24 11:21:53.502 V/ActivityManager(1533): Ready to stop: ActivityRecord{421b1c30 u0 com.kuaq.monsterui/.Support}
10-24 11:21:53.516 I/BufferQueue(1466): [com.kuaq.monsterui/com.kuaq.monsterui.Support](this:0x43b3f1c0,api:0) consumerDisconnect
10-24 11:21:53.516 I/BufferQueue(1466): [com.kuaq.monsterui/com.kuaq.monsterui.Support](this:0x43b3f1c0,api:0) ~BufferQueue
10-24 11:21:54.385 V/WindowManager(1533): Changing focus from Window{4268a2f8 u0 com.kuaq.monsterui/com.kuaq.monsterui.MainActivityNew} to null
10-24 11:21:54.388 I/WindowManager(1533): Losing focus: Window{4268a2f8 u0 com.kuaq.monsterui/com.kuaq.monsterui.MainActivityNew}
10-24 11:21:54.401 I/BufferQueue(1466): [com.kuaq.monsterui/com.kuaq.monsterui.MainActivityNew](this:0x43b53c28,api:1) [queue] fps:0.85, dur:1177.87, max:1177.87, min:1177.87
10-24 11:21:54.401 I/BufferQueue(1466): [com.kuaq.monsterui/com.kuaq.monsterui.MainActivityNew](this:0x43b53c28,api:1) new GraphicBuffer needed
10-24 11:21:54.413 I/SurfaceTexture(1466): [com.kuaq.monsterui/com.kuaq.monsterui.MainActivityNew](this:0x43b53258,api:1) [void* android::SurfaceTexture::createImage(EGLDisplay, const android::sp&)]
10-24 11:21:54.426 I/BufferQueue(1466): [com.kuaq.monsterui/com.kuaq.monsterui.MainActivityNew](this:0x43b53c28,api:1) new GraphicBuffer needed
10-24 11:21:54.439 I/SurfaceTexture(1466): [com.kuaq.monsterui/com.kuaq.monsterui.MainActivityNew](this:0x43b53258,api:1) [void* android::SurfaceTexture::createImage(EGLDisplay, const android::sp&)]
10-24 11:21:54.464 I/SurfaceTexture(1466): [com.kuaq.monsterui/com.kuaq.monsterui.MainActivityNew](this:0x43b53258,api:1) [void* android::SurfaceTexture::createImage(EGLDisplay, const android::sp&)]
10-24 11:21:54.630 D/BufferQueue(1466): [com.kuaq.monsterui/com.kuaq.monsterui.MainActivityNew](this:0x43b53c28,api:1) cancelBuffer: slot=1
10-24 11:21:54.633 I/BufferQueue(1466): [com.kuaq.monsterui/com.kuaq.monsterui.MainActivityNew](this:0x43b53c28,api:1) disconnect: api=1
10-24 11:21:54.633 I/SurfaceTexture(1466): [com.kuaq.monsterui/com.kuaq.monsterui.MainActivityNew] [virtual android::status_t android::SurfaceTexture::forceAuxConversionLocked()] mCurrentTexture:0, mCurrentBuf:0x43b56408
10-24 11:21:54.633 I/BufferQueue(1466): [com.kuaq.monsterui/com.kuaq.monsterui.MainActivityNew](this:0x43b53c28,api:0) getReleasedBuffers: returning mask 0xffffffff
10-24 11:21:54.633 I/SurfaceTexture(1466): [com.kuaq.monsterui/com.kuaq.monsterui.MainActivityNew](this:0x43b53258,api:0) destroying EGLImage dpy=0x1 img=0x43b5a300
10-24 11:21:54.633 I/SurfaceTexture(1466): [com.kuaq.monsterui/com.kuaq.monsterui.MainActivityNew](this:0x43b53258,api:0) destroying EGLImage dpy=0x1 img=0x43b57320
10-24 11:21:54.633 I/SurfaceTexture(1466): [com.kuaq.monsterui/com.kuaq.monsterui.MainActivityNew](this:0x43b53258,api:0) destroying EGLImage dpy=0x1 img=0x42b26480
10-24 11:21:54.633 I/SurfaceTexture(1466): [com.kuaq.monsterui/com.kuaq.monsterui.MainActivityNew](this:0x43b53258,api:0) destroying EGLImage dpy=0x1 img=0x43b5bd00
10-24 11:21:54.673 V/ActivityManager(1533): Stopping ActivityRecord{425cf958 u0 com.kuaq.monsterui/.MainActivityNew}: nowVisible=false waitingVisible=true finishing=true
10-24 11:21:54.854 V/ActivityManager(1533): Stopping ActivityRecord{425cf958 u0 com.kuaq.monsterui/.MainActivityNew}: nowVisible=true waitingVisible=false finishing=true
10-24 11:21:54.854 V/ActivityManager(1533): Ready to stop: ActivityRecord{425cf958 u0 com.kuaq.monsterui/.MainActivityNew}
10-24 11:21:54.870 I/BufferQueue(1466): [com.kuaq.monsterui/com.kuaq.monsterui.MainActivityNew](this:0x43b53c28,api:0) consumerDisconnect
10-24 11:21:54.870 I/BufferQueue(1466): [com.kuaq.monsterui/com.kuaq.monsterui.MainActivityNew](this:0x43b53c28,api:0) ~BufferQueue
10-24 11:21:55.538 I/Xposed (1694): at com.kuaq.monsterui.SystemUITheming$2.handleLayoutInflated(SystemUITheming.java:109)
10-24 11:22:09.068 I/Xposed (1694): at com.kuaq.monsterui.FrameworkThemingProgressBar$2.newDrawable(FrameworkThemingProgressBar.java:80)
10-24 11:22:09.075 I/Xposed (1694): at com.kuaq.monsterui.FrameworkThemingProgressBar$1.newDrawable(FrameworkThemingProgressBar.java:63)
10-24 11:22:25.128 I/Xposed (1694): at com.kuaq.monsterui.SystemUITheming$2.handleLayoutInflated(SystemUITheming.java:109)
10-24 11:23:17.190 I/Xposed (1694): at com.kuaq.monsterui.FrameworkThemingProgressBar$2.newDrawable(FrameworkThemingProgressBar.java:80)
10-24 11:23:17.199 I/Xposed (1694): at com.kuaq.monsterui.FrameworkThemingProgressBar$1.newDrawable(FrameworkThemingProgressBar.java:63)